d by 9.
8
Let k(n) = -n**2 + 11*n - 7. Let p = 21 + -13. What is the remainder when k(p) is divided by 5?
2
Let l(j) = -5*j - 11. Calculate the remainder when l(-8) is divided by 10.
9
Suppose 3*f = 2*f. Let o = 5 + f. Calculate the remainder when 9 is divided by o.
4
Let a = 64 - 21. What is the remainder when a is divided by 22?
21
Let c = -1 - -3. Suppose 2*f - 3 = -5*y + 14, 3*f + 22 = c*y. Calculate the remainder when ((-14)/4)/(f/56) is divided by 17.
15
Let h(f) = f**3 - f**2 + f + 8. Let b = 8 - 6. What is the remainder when (-4)/(b*(-2)/14) is divided by h(0)?
6
Suppose -5*m + 4*s - 2*s = -37, -5*m = -s - 36. Suppose -w - 2 = -4. Suppose -5*h - c = -10, 2*h + w*c + 1 = -h. Calculate the remainder when m is divided by h.
1
Suppose a + 108 = 10*a. Calculate the remainder when 22 is divided by a.
10
Let u = -102 + 145. Let p(h) = -h - 13. Let o be p(-17). Suppose -o*b - 18 + 106 = 0. Calculate the remainder when u is divided by b.
21
Let t be 1*-1 + -3 + 65. Let g = t - 42. Suppose 0 = 2*x - x - g. Calculate the remainder when x is divided by 7.
5
Suppose p - 3 = -2*f, -5*f = 2*p - p. What is the remainder when 12 is divided by p?
2
Let y(h) = h - 3. Let s(l) = -l**2 - 7*l + 7. Let v be s(-7). What is the remainder when 10 is divided by y(v)?
2
Let r be 3*(-2 + 1/1). Let m = 3 + r. Let j = 16 - m. What is the remainder when 30 is divided by j?
14
Let c(o) = -o - 4. Let a be c(-6). Suppose -60 = -a*p - 2*p. What is the remainder when 43 is divided by p?
13
Suppose -4*u + 18 = 2. Suppose 4*h - 2*s = s + 116, -88 = -u*h - 4*s. Calculate the remainder when h is divided by 14.
12
Let d(a) = -a + 9. Calculate the remainder when 24 is divided by d(-4).
11
Suppose 0 = 2*u - 7*u + 105. Let v(g) = g + 7. Let i be v(-7). Suppose 2*x - u - 7 = i. What is the remainder when 27 is divided by x?
13
Let y = 20 - 3. Let q = -16 + 26. Calculate the remainder when y is divided by q.
7
Suppose 91 = 3*q + 16. Suppose 0 = -4*f + 4*a + 56, 0 = -5*f + a + 37 + q. What is the remainder when 33 is divided by f?
9
Let c(z) = 59*z + 429. Suppose -g + 5*x - 19 = 0, -5*x = -2*g - 2*x - 3. What is the remainder when c(-7) is divided by g?
4
Let d = 357 - 228. Calculate the remainder when d is divided by 22.
19
Calculate the remainder when 13 is divided by (8/10)/(2/(-5)) - -9.
6
Suppose 0 = -4*k - 2*d + 28, 0 = -d + 2*d + 2. Suppose 0 = -2*p - k - 0. Let x(j) = -j**2 - 5*j - 1. Calculate the remainder when 8 is divided by x(p).
2
Let f(c) = -4*c. Suppose -8 = 3*k + k. Calculate the remainder when 4/6 + 128/6 is divided by f(k).
6
Let q = 90 + -29. Calculate the remainder when q is divided by 16.
13
Suppose 2*a - 2*n = 54, 0 = 5*a - 0*a - 3*n - 129. Calculate the remainder when 70 is divided by a.
22
Let q(l) = -7*l + 72. What is the remainder when q(6) is divided by 18?
12
Let u = 45 + -31. What is the remainder when 40 is divided by u?
12
Let i = 1 + 2. Let k(r) = -r**2 + r + 1. Let p(g) = -g - 2. Let v(b) = -3*k(b) - p(b). Calculate the remainder when v(i) is divided by 11.
9
Suppose b - 3*h + 3 = -1, 2*h + 2 = 3*b. Suppose 0 = -b*s + 8, -3*q + 7 = 5*s - 31. Calculate the remainder when 11 is divided by q.
5
Let b(v) = -v + 6*v + 0*v - v + 2. Calculate the remainder when b(3) is divided by 8.
6
What is the remainder when -58*(-1 + (4 - 4)) is divided by 15?
13
Suppose 0 = i + 4*i - 330. What is the remainder when i is divided by 17?
15
Let h = -7 + 6. Let v be (-1)/2*2 - h. Suppose v*n - 2*y = 2*n - 124, 5*n - 5*y = 330. What is the remainder when n is divided by 22?
20
Let h be 17/(-4)*-1*20. Suppose -3*t - 2*t = -h. What is the remainder when t is divided by 6?
5
Let v(o) = -o**2 + 4*o. Suppose 4*g - 15 = g. Let m = g - 3. Calculate the remainder when v(2) is divided by m.
0
Suppose 2 = -5*l + 5*s + 752, 4*l - 591 = s. What is the remainder when l is divided by 37?
36
Let t(i) = 7 - 3 + 1 - 9*i - 12*i**2 + 3*i**2 - i**3. Let m be t(-7). Calculate the remainder when ((-68)/10)/(6/m) is divided by 9.
7
Let h = 25 - 24. What is the remainder when (-1)/((-2)/48*h) is divided by 9?
6
Let c = 2 - -35. Calculate the remainder when 145 is divided by c.
34
Let i(p) = 6*p**2 + 3*p + 3. Let v(b) = -17*b - 2. Let h(t) = -52*t - 6. Let o(a) = 4*h(a) - 11*v(a). What is the remainder when o(-3) is divided by i(-2)?
19
Let d = 3 - 6. Let x be ((-30)/(-20))/(d/(-4)). Let c = 7 - x. What is the remainder when 14 is divided by c?
4
Let d(h) = 2*h**2 - h - 9. What is the remainder when 130 is divided by d(4)?
16
Let b(p) = 2*p**2 + 9*p. Calculate the remainder when 34 is divided by b(-6).
16
Suppose -s + 3 = 4. Let d = -1 + s. Calculate the remainder when 19 is divided by -1 + 10 + 0 + d.
5
Let o(d) = 3*d**2 + d - 2. What is the remainder when 14 is divided by o(-2)?
6
Suppose 5*j + 3*g = -2*g + 35, 30 = 5*j + 4*g. Calculate the remainder when 10/3 - (-4)/6 is divided by j.
0
Suppose 2*c - c - 13 = 0. Suppose 92 = 4*q - 2*x, -x - 4*x = -q + 5. What is the remainder when q is divided by c?
12
Suppose -129 = 2*d - 5*d. Calculate the remainder when d is divided by 15.
13
Let h be (32/(-12))/(4/(-6)). Suppose 2*w + h = 24. Let b = -15 + 43. What is the remainder when b is divided by w?
8
Let v(o) = 6*o - 1. Let h be v(5). Suppose 3*z - h - 65 = -4*p, -4*z + 3*p + 167 = 0. What is the remainder when z is divided by (12/(-9))/((-8)/60)?
8
Let b(i) = -i**3 + 7*i**2 - 9*i + 10. What is the remainder when b(4) is divided by 7?
1
Let p = -53 + 31. What is the remainder when 75 is divided by (-864)/(-33) - (-4)/p?
23
What is the remainder when ((-3)/(-9))/((-3)/(-99)) is divided by 7?
4
Let p be 3 - (1 - 0 - 1). Suppose p*z + z = -16. Calculate the remainder when ((-12)/9)/(z/102) is divided by 12.
10
What is the remainder when 56 is divided by ((-300)/(-9))/5*3?
16
What is the remainder when 975/10 + 0 + (-2)/(-4) is divided by 10?
8
Suppose 4*f - 90 - 14 = 0. Calculate the remainder when f is divided by 14.
12
Let v(p) = 3*p**2 + 13*p + 35. Calculate the remainder when v(-10) is divided by 13.
10
Let w(y) = -2*y - y + 7*y + y. What is the remainder when w(2) is divided by 3?
1
Suppose n = 6*n + 15, -11 = c + 5*n. Let q = 96 - 86. What is the remainder when q is divided by c?
2
Suppose 3*p = -5 + 50. What is the remainder when 71 is divided by p?
11
Suppose -2*r + 4 = -m, r - 4*m + 2 = -3. Let a = 39 - 21. Suppose 2*k + 10 = 0, 4*j + r*k - a = k. What is the remainder when j is divided by 4?
3
Let f(r) = 2*r**2 + 5*r. What is the remainder when 74 is divided by f(-5)?
24
Suppose -2*u = 0, x - 3*u + 8*u + 6 = 0. What is the remainder when 15 is divided by (-51)/(-6) + (-3)/x?
6
Let d(q) = q**3 + 6*q**2 - q + 4. Let o = -11 + 6. Let a be d(o). Let i = a - 12. Calculate the remainder when i is divided by 8.
6
Suppose 2*k + k - 132 = t, 98 = 2*k - 4*t. Calculate the remainder when k is divided by 15.
13
Suppose 3*n - 8 = n. Suppose -2*w + 73 = 4*c - 41, -4*w + n*c = -252. Calculate the remainder when w is divided by 16.
13
Let c = -50 - -88. Calculate the remainder when c is divided by 8.
6
Suppose -a = 5*d + 8, 0*a = -3*d - 2*a - 9. Let s be d*(-5)/(-1) - -2. What is the remainder when s*4/(24/(-10)) is divided by 3?
2
Let d(i) = 24*i - 184. Calculate the remainder when 1 - 2 - (-2 + -13) is divided by d(8).
6
Calculate the remainder when 2/7 - 2583/(-49) is divided by 18.
17
What is the remainder when 77 is divided by 36/8*4 - 2?
13
Let v be (2 - -1)/(-3) + -4. Let x = v + 8. Suppose -x*o - 43 = -4*o. Calculate the remainder when o is divided by 15.
13
Let o(i) = i**2 - 7*i - 14. Calculate the remainder when o(16) is divided by 27.
22
Suppose -p + 5 = -0. Suppose 170 = 5*l + p*i, -7*l - i = -2*l - 162. Suppose 4*t - 2*t = l. What is the remainder when t is divided by 9?
7
Let z(j) = -j**2 - 39*j + 81. Calculate the remainder when z(-28) is divided by 65.
64
Let r = 21 + -17. What is the remainder when 12 is divided by r?
0
Suppose -26 - 4 = -2*n + 5*o, -o = 2*n - 6. Let k = n + 5. Suppose 2*j - 7*j - 4*t = -98, 5*t - 28 = -j. What is the remainder when j is divided by k?
8
Suppose 95 = 4*h + h. Let o = -12 + h. Suppose -55 = 2*y - o*y. Calculate the remainder when 31 is divided by y.
9
Let u = 29 + -19. Suppose -4*g + 18 = s, -4*s - 4*g = s - 90. Calculate the remainder when s is divided by